102.
2, 3, 194702017
What are the prime factors of 4932719?
11, 509, 881
List the prime factors of 164128554.
2, 3, 9118253
List the prime factors of 258337101.
3, 11, 7828397
What are the prime factors of 1986133889?
1986133889
List the prime factors of 7814303078.
2, 41, 167, 570637
What are the prime factors of 1270915591?
11, 167, 691843
List the prime factors of 40563436.
2, 71, 233, 613
What are the prime factors of 1615279889?
19, 85014731
List the prime factors of 42348028.
2, 743, 14249
List the prime factors of 385297387.
385297387
List the prime factors of 99863716.
2, 43, 139, 4177
What are the prime factors of 980115245?
5, 683, 287003
What are the prime factors of 3600136263?
3, 199, 6030379
List the prime factors of 1329737875.
5, 17, 79, 89
List the prime factors of 104942523.
3, 7, 263, 19001
What are the prime factors of 143901262?
2, 71950631
List the prime factors of 594923133.
3, 7, 47, 602759
What are the prime factors of 5201817892?
2, 127, 2251, 4549
List the prime factors of 3163213869.
3, 229, 4604387
List the prime factors of 638267770.
2, 5, 7, 9118111
What are the prime factors of 276302810?
2, 5, 7, 73, 139, 389
List the prime factors of 333687134.
2, 11, 2963, 5119
List the prime factors of 3366651147.
3, 1122217049
What are the prime factors of 339288688?
2, 21205543
List the prime factors of 2585154273.
3, 13, 547, 121181
List the prime factors of 30303633.
3, 41, 246371
List the prime factors of 121526749.
223, 544963
List the prime factors of 48555585.
3, 5, 13, 73, 379
List the prime factors of 26358217.
26358217
What are the prime factors of 321411256?
2, 40176407
List the prime factors of 2204427612.
2, 3, 183702301
What are the prime factors of 46745671?
7, 179, 37307
List the prime factors of 62953357.
71, 886667
What are the prime factors of 133081066?
2, 17, 131, 29879
What are the prime factors of 135551100?
2, 3, 5, 451837
What are the prime factors of 75664662?
2, 3, 12610777
List the prime factors of 98809115.
5, 151, 130873
What are the prime factors of 1968475726?
2, 7, 1289, 15583
What are the prime factors of 7333066?
2, 13, 89, 3169
What are the prime factors of 580659857?
241, 2409377
What are the prime factors of 75397803?
3, 13, 1933277
What are the prime factors of 48285645?
3, 5, 1439, 2237
What are the prime factors of 38562797?
7, 13, 61, 6947
What are the prime factors of 197255583?
3, 7, 3131041
What are the prime factors of 1885920544?
2, 19, 73, 42491
What are the prime factors of 2032280756?
2, 11, 97, 476167
List the prime factors of 19608536.
2, 137, 17891
List the prime factors of 3715716118.
2, 29, 64064071
List the prime factors of 1143392207.
1143392207
What are the prime factors of 2831824297?
43, 65856379
List the prime factors of 4848242610.
2, 3, 5, 67, 109, 22129
List the prime factors of 2172093355.
5, 97, 103, 43481
What are the prime factors of 3784797170?
2, 5, 7, 11, 67, 73363
What are the prime factors of 115363973?
1663, 69371
List the prime factors of 379799576.
2, 13, 3651919
What are the prime factors of 4357429976?
2, 544678747
What are the prime factors of 107221205?
5, 7, 13, 18127
What are the prime factors of 42200319?
3, 7, 41011
What are the prime factors of 21087268?
2, 5271817
List the prime factors of 2220864060.
2, 3, 5, 3539, 10459
List the prime factors of 3794131348.
2, 7, 1237, 15649
List the prime factors of 159824352.
2, 3, 19, 87623
What are the prime factors of 209280515?
5, 137, 193, 1583
List the prime factors of 3727543557.
3, 19, 65395501
What are the prime factors of 39658356?
2, 3, 367207
What are the prime factors of 23295152?
2, 1455947
List the prime factors of 53444088.
2, 3, 23, 59, 547
What are the prime factors of 876742802?
2, 13, 17, 19, 104399
What are the prime factors of 44180568?
2, 3, 83, 7393
List the prime factors of 201350253.
3, 13, 5162827
What are the prime factors of 4076715745?
5, 29, 53, 10009
What are the prime factors of 446899177?
23, 19430399
List the prime factors of 11543767.
11543767
List the prime factors of 75339938.
2, 227, 165947
List the prime factors of 310134361.
43, 281, 25667
What are the prime factors of 3173527142?
2, 1586763571
List the prime factors of 69648274.
2, 1697, 20521
List the prime factors of 3571632560.
2, 5, 44645407
What are the prime factors of 5284584998?
2, 7, 11, 2347, 14621
What are the prime factors of 40502750?
2, 5, 162011
What are the prime factors of 67331371?
109, 617719
List the prime factors of 546230511.
3, 60692279
List the prime factors of 29337754.
2, 3467, 4231
List the prime factors of 462518630.
2, 5, 7, 6607409
List the prime factors of 115635732.
2, 3, 9636311
List the prime factors of 171206646.
2, 3, 13, 1151, 1907
List the prime factors of 40586775.
3, 5, 113, 4789
List the prime factors of 57601363.
57601363
What are the prime factors of 134742313?
421, 320053
List the prime factors of 176250166.
2, 37, 109, 21851
List the prime factors of 2304940101.
3, 23, 4919, 6791
List the prime factors of 70336503.
3, 1871, 4177
List the prime factors of 84206471.
67, 1256813
List the prime factors of 87843219.
3, 607, 48239
What are the prime factors of 43154839?
7, 13, 37, 1831
What are the prime factors of 1535551771?
13, 1129, 104623
List the prime factors of 23211526.
2, 13, 163, 5477
What are the prime factors of 112723270?
2, 5, 11, 1024757
List the prime factors of 177308725.
5, 11, 17, 23, 97
List the prime factors of 5865363046.
2, 241, 12168803
List the prime factors of 123535537.
479, 257903
What are the prime factors of 67715228?
2, 7, 2418401
List the prime factors of 28458562.
2, 11, 53, 24407
What are the prime factors of 1273848232?
2, 59, 97, 27823
List the prime factors of 280180215.
3, 5, 7, 79, 139
List the prime factors of 1319175150.
2, 3, 5, 8794501
What are the prime factors of 581561859?
3, 193853953
What are the prime factors of 594570454?
2, 297285227
What are the prime factors of 1711071126?
2, 3, 95059507
What are the prime factors of 51873740?
2, 5, 23, 4903
List the prime factors of 23154684.
2, 3, 7, 275651
What are the prime factors of 91789625?
5, 181, 4057
What are the prime factors of 784320202?
2, 392160101
What are the prime factors of 6741198092?
2, 71, 139, 170767
List the prime factors of 526781099.
13, 19, 37, 57641
What are the prime factors of 132827435?
5, 13, 97, 21067
List the prime factors of 225333450.
2, 3, 5, 500741
List the prime factors of 232633683.
3, 25848187
What are the prime factors of 337593561?
3, 10009, 11243
List the prime factors of 3704973075.
3, 5, 5488849
List the prime factors of 526637568.
2, 3, 342863
What are the prime factors of 188596422?
2, 3, 7, 1496797
What are the prime factors of 473089671?
3, 59, 890941
List the prime factors of 32661682.
2, 43, 379787
What are the prime factors of 245809730?
2, 5, 1277, 19249
List the prime factors of 418683323.
89, 4704307
What are the prime factors of 581611436?
2, 7, 37, 15173
What are the prime factors of 64688978?
2, 17, 1902617
List the prime factors of 131883695.
5, 293, 90023
What are the prime factors of 166026594?
2, 3, 181, 152879
What are the prime factors of 418795147?
418795147
What are the prime factors of 5323209133?
11, 17, 28466359
List the prime factors of 1628783347.
29, 56164943
List the prime factors of 431755807.
7, 107, 82349
What are the prime factors of 309166438?
2, 7, 853, 25889
What are the prime factors of 1196928012?
2, 3, 7, 14249143
What are the prime factors of 54022168?
2, 19, 293, 1213
What are the prime factors of 23156437?
71, 326147
List the prime factors of 64209719.
7, 9172817
What are the prime factors of 780825919?
19, 23, 1786787
List the prime factors of 657805678.
2, 31, 2699, 3931
List the prime factors of 41515239.
3, 13838413
List the prime factors of 510604768.
2, 2287, 6977
What are the prime factors of 4232934?
2, 3, 19, 12377
List the prime factors of 68160098.
2, 83, 109, 3767
What are the prime factors of 301241902?
2, 13, 23, 137, 3677
List the prime factors of 6079932.
2, 3, 168887
List the prime factors of 48230801.
41, 1176361
What are the prime factors of 106851512?
2, 191, 69929
What are the prime factors of 55759021?
53, 157, 6701
What are the prime factors of 89089727?
19, 4688933
What a